{"id":425,"date":"2018-01-10T20:45:18","date_gmt":"2018-01-10T19:45:18","guid":{"rendered":"http:\/\/dev.ehomtb.de\/?page_id=425"},"modified":"2021-04-20T10:18:40","modified_gmt":"2021-04-20T09:18:40","slug":"trails-treppen-steile-geschichte","status":"publish","type":"page","link":"https:\/\/ehomtb.de\/?page_id=425","title":{"rendered":"Trails-Treppen-steile Geschichte"},"content":{"rendered":"<h3><strong><span style=\"color: #808080;\">Tour 1: Trails &#8211; Treppen &#8211; steile Geschichte<\/span><\/strong><\/h3>\n<hr \/>\n<p>\u2026so kann diese sehr abwechslungsreiche Halbtagestour treffend beschrieben werden.<\/p>\n<p>Mindestens 7 Trails unterschiedlicher L\u00e4nge werden wir auf dieser Strecke unter die Stollen nehmen. Darunter auch ein gro\u00dfteils bergab f\u00fchrender, \u00fcber 400m langer, sehr sch\u00f6n zu fahrender Abschnitt. F\u00fcr unsere Gegend ein Highlight\u2026<\/p>\n<p>Ferner besteht die M\u00f6glichkeit einige Treppen zu fahren. Zwei davon sind durchaus anspruchsvoller Natur.<\/p>\n<p>Ausserdem f\u00fchrt uns die Fahrt an zwei versteckte historische Orte, die eine bewegte Geschichte hinter sich haben. Nur relativ wenige Menschen in unserer Region kennen diese geschichtstr\u00e4chtigen Pl\u00e4tze, an denen die alte Zeit auch noch deutlich sichtbare Spuren hinterlassen hat&#8230;eine spannende Sache\u2026lasst euch \u00fcberraschen.<\/p>\n<p>\u00dcber die gesamte Tour verteilt haben wir auch die M\u00f6glichkeit, einige sehr steile Abschnitte abw\u00e4rts zu fahren. Hier ist Konzentration und Bikebeherrschung gefragt.<\/p>\n<h3><strong><em><br \/>\n<span style=\"color: #333399;\">Tour-Infos:<\/p>\n<p><span style=\"color: #ff6600;\">Die Tour wird nicht mehr angeboten.<\/span><br \/>\n<\/span><\/em><\/strong><\/h3>\n<p><span style=\"color: #333399;\"><strong>Kondition:<\/strong><\/span>\u00a0Mittel<br \/>\n<span style=\"color: #333399;\"><strong>Fahrtechnik:<\/strong><\/span>\u00a0Mittel<br \/>\n<span style=\"color: #333399;\"><strong>Dauer:<\/strong><\/span>\u00a0ca. 2 &#8211; 3 Std.<\/p>\n<p><span style=\"color: #333399;\"><strong>Teilnehmerzahl:<\/strong><\/span> 1 bis 10<\/p>\n<p><span style=\"color: #808080;\"><strong><span style=\"color: #333399;\">Kosten pro Teilnehmer:<\/span><br \/>\n<\/strong><\/span>1 \u2013 3 Teiln. je 12.-<br \/>\n4 \u2013 6 Teiln. je 8.-<br \/>\n7 &#8211; 10 Teiln. je 6.-<br \/>\nJugendliche bis 18 Jahre, Sch\u00fcler und Studenten zahlen die H\u00e4lfte<br \/>\nTeilnahme ab 14 Jahren m\u00f6glich (Minderj\u00e4hrige nur mit Anmeldung und Unterschrift durch Erziehungsberechtigten)<\/p>\n<p>Bitte lade Dir das\u00a0<a href=\"http:\/\/ehomtb.de\/wp-content\/uploads\/2019\/05\/ehoMTB-Merkblatt-Tour-2019.doc\" target=\"_blank\" rel=\"noopener noreferrer\">ehoMTB Merkblatt Tour<\/a> herunter, unterschreibe es und bringe es zum Start mit. Du kannst es auch mit dem Anmeldeformular hochladen, oder alternativ auch per <a href=\"mailto:kontakt@ehomtb.de\">Mail<\/a> an mich senden.<br \/>\n<strong>Eine Teilnahme ist nur m\u00f6glich, wenn das unterschriebene Merkblatt vorliegt!<\/strong><\/p>\n<p><span style=\"color: #333399;\"><strong>Startort:<\/strong><\/span> <a href=\"http:\/\/ehomtb.de\/?location=indersbach-radsport-rieger\" target=\"_blank\" rel=\"noopener noreferrer\">Indersbach, Radsport Rieger<\/a> (Start auch in <strong>Eichendorf<\/strong> oder <strong>Sattlern<\/strong> m\u00f6glich &#8211; bitte bei Anmeldung vermerken)<\/p>\n<p><span style=\"color: #333399;\"><strong>Termin:<\/strong><\/span>\u00a0Nach Absprache und Wunsch der Teilnehmer.<br \/>\nTermine sind auch werktags m\u00f6glich.<br \/>\nMeine bereits verplanten Termine siehe\u00a0<a href=\"http:\/\/ehomtb.de\/?page_id=115\" target=\"_blank\" rel=\"noopener noreferrer\">Events\u2026<\/a><\/p>\n<p><strong><a href=\"http:\/\/ehomtb.de\/?page_id=488\" target=\"_blank\" rel=\"noopener noreferrer\">Anmelden\u2026<\/a><\/strong><\/p>\n","protected":false},"excerpt":{"rendered":"<p>Tour 1: Trails &#8211; Treppen &#8211; steile Geschichte \u2026so kann diese sehr abwechslungsreiche Halbtagestour treffend beschrieben werden. Mindestens 7 Trails unterschiedlicher L\u00e4nge werden wir auf dieser Strecke unter die Stollen nehmen. Darunter auch ein gro\u00dfteils bergab f\u00fchrender, \u00fcber 400m langer, sehr sch\u00f6n zu fahrender Abschnitt. F\u00fcr unsere Gegend ein Highlight\u2026 Ferner besteht die M\u00f6glichkeit einige&#8230;<\/p>\n","protected":false},"author":1,"featured_media":0,"parent":0,"menu_order":0,"comment_status":"closed","ping_status":"closed","template":"","meta":{"footnotes":""},"_links":{"self":[{"href":"https:\/\/ehomtb.de\/index.php?rest_route=\/wp\/v2\/pages\/425"}],"collection":[{"href":"https:\/\/ehomtb.de\/index.php?rest_route=\/wp\/v2\/pages"}],"about":[{"href":"https:\/\/ehomtb.de\/index.php?rest_route=\/wp\/v2\/types\/page"}],"author":[{"embeddable":true,"href":"https:\/\/ehomtb.de\/index.php?rest_route=\/wp\/v2\/users\/1"}],"replies":[{"embeddable":true,"href":"https:\/\/ehomtb.de\/index.php?rest_route=%2Fwp%2Fv2%2Fcomments&post=425"}],"version-history":[{"count":39,"href":"https:\/\/ehomtb.de\/index.php?rest_route=\/wp\/v2\/pages\/425\/revisions"}],"predecessor-version":[{"id":1055,"href":"https:\/\/ehomtb.de\/index.php?rest_route=\/wp\/v2\/pages\/425\/revisions\/1055"}],"wp:attachment":[{"href":"https:\/\/ehomtb.de\/index.php?rest_route=%2Fwp%2Fv2%2Fmedia&parent=425"}],"curies":[{"name":"wp","href":"https:\/\/api.w.org\/{rel}","templated":true}]}}