{"id":558,"date":"2018-01-28T11:51:53","date_gmt":"2018-01-28T10:51:53","guid":{"rendered":"http:\/\/dev.ehomtb.de\/?page_id=558"},"modified":"2021-04-20T10:20:01","modified_gmt":"2021-04-20T09:20:01","slug":"schnupper-und-einsteigertour","status":"publish","type":"page","link":"https:\/\/ehomtb.de\/?page_id=558","title":{"rendered":"Schnupper- und Einsteigertour"},"content":{"rendered":"<h3><strong><span style=\"color: #808080;\">Tour 2: Schnupper- und Einsteigertour<\/span><\/strong><\/h3>\n<p>Diese Tour ist f\u00fcr Mountainbikeanf\u00e4nger und f\u00fcr alle gedacht, die sich die Frage stellen, ob Biken die richtige Sportart f\u00fcr sie sein k\u00f6nnte.<br \/>\nDabei k\u00f6nnen erste Eindr\u00fccke gewonnen werden, auf was es beim Mountainbiken ankommt und wo man in unserer Gegend \u00fcberall fahren kann.<\/p>\n<p>In lockerem Tempo f\u00fchrt die Fahrt \u00fcber Feld- und Waldwege rund um den Startpunkt und auch wieder zu diesem zur\u00fcck.<br \/>\nJe nach Wunsch und Gegend k\u00f6nnen Highlights, wie z.B. Pfade, historische Pl\u00e4tze, au\u00dfergew\u00f6hnliche Flecken Natur oder besondere Aussichtspunkte angesteuert werden.<\/p>\n<p>Wer noch kein eigenes Mountainbike besitzt und einfach mal ein bisschen schnuppern will, kann evtl. eines bei <a href=\"http:\/\/www.radsport-rieger.de\/\" target=\"_blank\" rel=\"noopener noreferrer\">Radsport Rieger<\/a> f\u00fcr die Tour ausleihen.<br \/>\nZur Kl\u00e4rung der Verf\u00fcgbarkeit bitte direkt mit <a href=\"http:\/\/www.radsport-rieger.de\/\" target=\"_blank\" rel=\"noopener noreferrer\">Radsport Rieger<\/a> in Verbindung setzen.<\/p>\n<p>Standardm\u00e4\u00dfig startet die Tour bei Radsport Rieger und f\u00fchrt rund um Indersbach.<br \/>\nDer Startpunkt und Verlauf f\u00fcr die Tour k\u00f6nnen jedoch auch individuell vereinbart werden.<br \/>\nInnerhalb der Linie Mamming-Reisbach-Ruhstorf-Malgersdorf-Holzham-Ro\u00dfbach-Dornach-Ettling-Mamming ist vieles m\u00f6glich. <a href=\"http:\/\/www.openstreetmap.org\/?lat=48.60806465148926&amp;lon=12.76885986328125&amp;zoom=12\" target=\"_blank\" rel=\"noopener noreferrer\">Karte dieses Bereichs hier\u2026<\/a><br \/>\nGib Deinen gew\u00fcnschten Startort im Anmeldeformular ein, dann werde ich Dir mitteilen, ob dies machbar ist oder Dir eine geeignete Alternative anbieten.<\/p>\n<h3><span style=\"color: #000080;\"><strong><em>Tour-Infos:<\/p>\n<p><span style=\"color: #ff6600;\">Die Tour wird nicht mehr angeboten.<\/span><br \/>\n<\/em><\/strong><\/span><\/h3>\n<p><span style=\"color: #000080;\"><strong>Kondition:<\/strong><\/span>\u00a0Leicht bis ??? (nach Teilnehmerwunsch)<br \/>\n<span style=\"color: #000080;\"><strong>Fahrtechnik: <\/strong><\/span>Leicht bis ??? (nach Teilnehmerwunsch)<br \/>\n<span style=\"color: #000080;\"><strong>Dauer:<\/strong><\/span> 1 Std. bis max. ??? Std. (nach Teilnehmerwunsch)<\/p>\n<p><span style=\"color: #000080;\"><strong>Teilnehmerzahl:<\/strong><\/span> 1 bis max. 10<\/p>\n<p><span style=\"color: #000080;\"><strong>Kosten pro Teilnehmer:<\/strong><\/span><br \/>\n1 \u2013 3 Teiln. \u00a0 je 12.-<br \/>\n4 \u2013 6 Teiln.\u00a0\u00a0 je 8.-<br \/>\n7 \u2013 10 Teiln. je 6.-<br \/>\nJugendliche bis 18 Jahre, Sch\u00fcler und Studenten zahlen die H\u00e4lfte<br \/>\nTeilnahme ab 12 Jahren m\u00f6glich (Minderj\u00e4hrige nur mit Anmeldung und Unterschrift durch Erziehungsberechtigte)<\/p>\n<p>Bitte lade Dir das\u00a0<a href=\"http:\/\/ehomtb.de\/wp-content\/uploads\/2019\/05\/ehoMTB-Merkblatt-Tour-2019.doc\" target=\"_blank\" rel=\"noopener noreferrer\">ehoMTB Merkblatt Tour<\/a> herunter, unterschreibe es und bringe es zum Start mit. Du kannst es auch mit dem Anmeldeformular hochladen, oder alternativ auch per <a href=\"mailto:kontakt@ehomtb.de\">Mail<\/a> an mich senden.<br \/>\n<strong>Eine Teilnahme ist nur m\u00f6glich, wenn das unterschriebene Merkblatt vorliegt!<\/strong><\/p>\n<p><span style=\"color: #000080;\"><strong>Termin:<\/strong><\/span> Nach Absprache und Wunsch der Teilnehmer.<br \/>\nTermine sind auch werktags m\u00f6glich.<br \/>\nMeine bereits verplanten Termine siehe <a href=\"http:\/\/ehomtb.de\/?page_id=115\" target=\"_blank\" rel=\"noopener noreferrer\">Events&#8230;<\/a><\/p>\n<p><strong><a href=\"http:\/\/ehomtb.de\/?page_id=488\" target=\"_blank\" rel=\"noopener noreferrer\">Anmelden\u2026<\/a><\/strong><\/p>\n","protected":false},"excerpt":{"rendered":"<p>Tour 2: Schnupper- und Einsteigertour Diese Tour ist f\u00fcr Mountainbikeanf\u00e4nger und f\u00fcr alle gedacht, die sich die Frage stellen, ob Biken die richtige Sportart f\u00fcr sie sein k\u00f6nnte. Dabei k\u00f6nnen erste Eindr\u00fccke gewonnen werden, auf was es beim Mountainbiken ankommt und wo man in unserer Gegend \u00fcberall fahren kann. In lockerem Tempo f\u00fchrt die Fahrt&#8230;<\/p>\n","protected":false},"author":1,"featured_media":0,"parent":0,"menu_order":0,"comment_status":"closed","ping_status":"closed","template":"","meta":{"footnotes":""},"_links":{"self":[{"href":"https:\/\/ehomtb.de\/index.php?rest_route=\/wp\/v2\/pages\/558"}],"collection":[{"href":"https:\/\/ehomtb.de\/index.php?rest_route=\/wp\/v2\/pages"}],"about":[{"href":"https:\/\/ehomtb.de\/index.php?rest_route=\/wp\/v2\/types\/page"}],"author":[{"embeddable":true,"href":"https:\/\/ehomtb.de\/index.php?rest_route=\/wp\/v2\/users\/1"}],"replies":[{"embeddable":true,"href":"https:\/\/ehomtb.de\/index.php?rest_route=%2Fwp%2Fv2%2Fcomments&post=558"}],"version-history":[{"count":32,"href":"https:\/\/ehomtb.de\/index.php?rest_route=\/wp\/v2\/pages\/558\/revisions"}],"predecessor-version":[{"id":1056,"href":"https:\/\/ehomtb.de\/index.php?rest_route=\/wp\/v2\/pages\/558\/revisions\/1056"}],"wp:attachment":[{"href":"https:\/\/ehomtb.de\/index.php?rest_route=%2Fwp%2Fv2%2Fmedia&parent=558"}],"curies":[{"name":"wp","href":"https:\/\/api.w.org\/{rel}","templated":true}]}}